
In base 8, what is 3614004 + 5?
3614011
In base 12, what is -3176 - 0?
-3176
In base 13, what is -3b + -690?
-6cb
In base 16, what is 1eb91 + -1?
1eb90
In base 10, what is -5 - -179436?
179431
In base 2, what is 101011 + 100001001000?
100001110011
In base 11, what is -73a + 1658?
a19
In base 6, what is -1013 + 1133?
120
In base 8, what is -776651 + -3?
-776654
In base 12, what is 578 - -102?
67a
In base 12, what is 1598b9 - 2?
1598b7
In base 2, what is -1100011111 + -10101?
-1100110100
In base 13, what is -1 + -7219?
-721a
In base 6, what is -13 - 2141520?
-2141533
In base 7, what is -12 + -1554?
-1566
In base 13, what is 1 + -660cb?
-660ca
In base 6, what is -44523003 - -5?
-44522554
In base 13, what is 2a - 32b9?
-328c
In base 16, what is -5 + d3e?
d39
In base 16, what is -1bf + -42?
-201
In base 7, what is -6611 - -15?
-6563
In base 5, what is -43113 + 12413?
-30200
In base 12, what is 3 - -60026?
60029
In base 2, what is -100 - 1101011110101011010?
-1101011110101011110
In base 15, what is 509 - -60?
569
In base 5, what is 10 + 13041101?
13041111
In base 10, what is 2 - 51919?
-51917
In base 2, what is 11101111010 - 111011?
11100111111
In base 11, what is -2a9 - -37?
-272
In base 12, what is -17 - 323?
-33a
In base 14, what is 2b740 + 1?
2b741
In base 9, what is -367 + -815?
-1283
In base 16, what is -72 + 11a7?
1135
In base 15, what is -3d3 + 19?
-3b9
In base 10, what is 311 + 103?
414
In base 5, what is -42344 + -13004?
-110403
In base 9, what is 77380 - -46?
77436
In base 4, what is 22321013 + -1?
22321012
In base 14, what is 7 + cdb2?
cdb9
In base 4, what is -12 - -133211132?
133211120
In base 2, what is -10000000011100 + -10000?
-10000000101100
In base 14, what is -2a724 - 4?
-2a728
In base 11, what is 26533 + 5?
26538
In base 3, what is -1112202200 - 20?
-1112202220
In base 6, what is -31304 + 4?
-31300
In base 14, what is 70b0b + -14?
70ad7
In base 8, what is 7767 + -5?
7762
In base 3, what is 1 - -1111221021210?
1111221021211
In base 6, what is 255 - 22115?
-21420
In base 14, what is -5 - -3094?
308d
In base 3, what is -11210021122 + 1?
-11210021121
In base 15, what is 5ac2 + -3?
5abe
In base 8, what is -240 - -21071?
20631
In base 7, what is -4 - -1660425?
1660421
In base 3, what is 12 - -212020210?
212020222
In base 11, what is -2950860 + 4?
-2950857
In base 15, what is 421104 + -4?
421100
In base 2, what is -110010001110010 - -101?
-110010001101101
In base 14, what is d + -53403?
-533d4
In base 2, what is -10100010001111101100 - -111?
-10100010001111100101
In base 14, what is -13b - -222?
c5
In base 15, what is -6bd + -8?
-6c6
In base 3, what is -201100002 - 122?
-201100201
In base 10, what is 5 + 5544?
5549
In base 9, what is -2855 + -862?
-3827
In base 5, what is 30003 + -122?
24331
In base 16, what is -5 - -5d4d7?
5d4d2
In base 4, what is -11 - 3020021130?
-3020021201
In base 10, what is -3 + -256?
-259
In base 5, what is -111420423 - 0?
-111420423
In base 16, what is -7 - 34746?
-3474d
In base 12, what is 12585 - 2b?
12556
In base 16, what is 10 + 61?
71
In base 13, what is 0 - b970?
-b970
In base 14, what is 4 + 78073?
78077
In base 6, what is 0 - 2133250?
-2133250
In base 12, what is -2 - 20372?
-20374
In base 5, what is -20331432 + 3?
-20331424
In base 2, what is -1001111001 - 10000010?
-1011111011
In base 10, what is 2 + -112482?
-112480
In base 12, what is 2 + -27a02?
-27a00
In base 15, what is -4a + -51c?
-567
In base 16, what is 2c - 2ba?
-28e
In base 14, what is 61c4 - 9?
61b9
In base 8, what is 235250 + 0?
235250
In base 9, what is 53 + 56224?
56277
In base 12, what is 117b2 - 2?
117b0
In base 2, what is -101000101001011 + -100?
-101000101001111
In base 7, what is 25420 + -351?
25036
In base 16, what is be - 5d?
61
In base 8, what is -160 - 1426?
-1606
In base 16, what is -3 + -35f2c?
-35f2f
In base 8, what is -13 + 307515?
307502
In base 11, what is -26 - 635?
-660
In base 7, what is -545 - 546?
-1424
In base 5, what is -1 + -2322213?
-2322214
In base 16, what is 56f + 84?
5f3
In base 4, what is -2101032210 + -103?
-2101032313
In base 4, what is 121202 - 1?
121201
In base 7, what is -621 + -113?
-1034
In base 13, what is 104 - 73?
61
In base 6, what is -35 - 122210?
-122245
In base 9, what is -13628 + 4?
-13624
In base 9, what is 5 + 7321?
7326
In base 14, what is -11d4 - 49?
-123d
In base 10, what is 18 + 11502?
11520
In base 5, what is -411412 + 10?
-411402
In base 16, what is -d43dc7 + 4?
-d43dc3
In base 13, what is -2b0 - 0?
-2b0
In base 14, what is -5 - 6b4?
-6b9
In base 14, what is 54 + -11ab?
-1157
In base 16, what is -80b - 22?
-82d
In base 7, what is 3142 + 106?
3251
In base 16, what is -1d - 107b?
-1098
In base 14, what is -3910 + 18?
-38d6
In base 14, what is 1652 - -290?
1902
In base 5, what is -2122 + 22101?
14424
In base 2, what is 100110001110101000 + -110110?
100110001101110010
In base 4, what is 23 + 10022?
10111
In base 13, what is -4 + 6569?
6565
In base 2, what is -10010111 - 101011011?
-111110010
In base 2, what is -1001110111 + -10010?
-1010001001
In base 13, what is -25 - 94a?
-972
In base 10, what is 1360 + 523?
1883
In base 9, what is -188 - 21240?
-21438
In base 15, what is -4a8e + -26?
-4ab5
In base 7, what is -31 - 3051301?
-3051332
In base 8, what is -63211 + 45?
-63144
In base 15, what is 4 + -66668?
-66664
In base 16, what is c8b31 - 0?
c8b31
In base 16, what is 3 + -4a93?
-4a90
In base 12, what is 315 - 1446?
-1131
In base 10, what is -3338 - 5?
-3343
In base 13, what is 5 - -10c?
114
In base 15, what is 3 + -8b9?
-8b6
In base 14, what is -6c8b + 4?
-6c87
In base 15, what is -ce8 + -4e?
-d47
In base 15, what is -40e598 + 5?
-40e593
In base 16, what is 82 - -2?
84
In base 6, what is -335444 + 1?
-335443
In base 16, what is -7dc + -36?
-812
In base 15, what is 13 - -8ca?
8dd
In base 16, what is 3 + 10359a?
10359d
In base 6, what is -1320355 - 44?
-1320443
In base 12, what is 81b5 - 4a?
8167
In base 13, what is 1 + -1744?
-1743
In base 16, what is 8d + -b9?
-2c
In base 14, what is -1764 + 8b?
-16b7
In base 7, what is -212 + 1460?
1245
In base 16, what is 3 + 15dbf?
15dc2
In base 3, what is 1100221120121 - -1?
1100221120122
In base 13, what is 1c4 - 8a?
137
In base 4, what is 22 - -1012210?
1012232
In base 5, what is -23212 - 110?
-23322
In base 14, what is c7b - -2?
c7d
In base 15, what is -35 - -884a?
8815
In base 15, what is -202bd - -4?
-202b9
In base 2, what is -10 - 10101010011111?
-10101010100001
In base 7, what is -11 + 32064?
32053
In base 8, what is 206503 + -3?
206500
In base 13, what is -7034c + 5?
-70347
In base 3, what is 21222122 - 0?
21222122
In base 6, what is -12 - 205111?
-205123
In base 3, what is -11112002 - -20012?
-11021220
In base 11, what is -5 + -4768?
-4772
In base 10, what is 49 + 292?
341
In base 16, what is 6782 - -1?
6783
In base 10, what is 1 + 26506?
26507
In base 14, what is 25336 + -3?
25333
In base 5, what is -32 + -311230?
-311312
In base 15, what is -3cb9 - 8e?
-3d58
In base 5, what is -202324 - 3434?
-211313
In base 11, what is -928 - -19?
-90a
In base 10, what is -1 - 456544?
-456545
In base 6, what is -42443 - 32?
-42515
In base 5, what is -224004 + -1330?
-230334
In base 12, what is 98 + -5a3?
-507
In base 10, what is 113 + 13?
126
In base 11, what is -11 + 1901?
18a0
In base 11, what is 18407 + 2?
18409
In base 15, what is -192d2 - 1?
-192d3
In base 16, what is 2ddf - 13?
2dcc
In base 13, what is -1587 - 9?
-1593
In base 5, what is -3022133104 + -4?
-3022133113
In base 15, what is 1 + 1ba23?
1ba24
In base 12, what is 0 + 805?
805
In base 7, what is -102 - -2354?
2252
In base 5, what is -1131 + -11230?
-12411
In base 13, what is -1c13 + 2?
-1c11
In base 15, what is -be14 + 4?
-be10
In base 2, what is 10001010111010 - -110?
10001011000000
In base 7, what is -44563 - -161?
-44402
In base 12, what is 972 + 121?
a93
In base 16, what is 101 + -57?
aa
In base 10, what is -162639 - 1?
-162640
In base 15, what is -100a + -2?
-100c
In base 8, what is 47 - -415426?
415475
In base 5, what is -301121 + -2?
-301123
In base 15, what is 4 + 3790d?
37912
In base 5, what is 303330 - 2?
303323
In base 6, what is 22123 + 434?
23001
In base 16, what is -69a47 - 3?
-69a4a
In base 15, what is 16c96 + -3?
16c93
In base 12, what is -4 + -1242?
-1246
In base 13, wha